+ -1 + -10 + 2 - -5
-33
Evaluate 45 + -5 + (-2 - 6 - -2) + (-106 - -112).
40
What is 7 + -15 + 7 + (-7 - (-6 - (-11 - -17)))?
4
What is 2 - (370 + -363 - (20 + 0)) - 137?
-122
Calculate -5 - (10 - 5 - (-10 + 7 + -5 - -10)).
-8
What is 22 + (-119 - -111) + -1 + -1 + 1?
13
(-134 - 27 - -32) + 107
-22
Evaluate 5 + -3 + -214 + 149 - 15.
-78
Evaluate -39 + (-21 - -69) - (-88 + 2).
95
What is the value of -2 - (41 + 1 + 4) - (-55 - -48)?
-41
What is the value of (2 - -18) + ((-15 - -9) + 12 - 1) + 4?
29
What is 51 + (1 - -8 - -1) + 6 + -98 + 67?
36
What is the value of -23 - (-29 + 51 - 107)?
62
What is the value of (-7 + -25 - -5 - -6) + 15 + -13 - -4?
-15
70 + (87 - 123 - -1)
35
What is the value of 2 + 9 + 0 - (61 - (76 + -25))?
1
Calculate -3 + 10 + -4 + (10 - (2 - (-13 + -1))).
-3
Evaluate 3 - (85 + 41 + -5 + (-31 - -19)).
-106
Evaluate -13 + -20 + (-206 - -248).
9
Calculate 26 + 2 + 3143 + -3178.
-7
(32 - 5 - 14 - -24) + -2
35
Calculate -12 + 1 + 4 - -56 - (-5 + 1 + 13).
40
What is 45 - 43 - (-32 + 20)?
14
What is the value of (1225 - 1238) + (-1 - -9)?
-5
What is the value of -84 - (139 - 85 - 88)?
-50
Calculate 74 + (28 - (99 - 3)).
6
What is the value of -124 + (37 - -103) - (-25 + 1)?
40
-347 + 333 - (133 + -49 + (0 - -2) + 1)
-101
What is -1327 - -1424 - (2 + 36)?
59
Evaluate 11 - -12 - (54 + 7 + -2).
-36
Evaluate -6 - 1 - (0 + (43 - 24) + -29 - 27).
30
Evaluate -30 - (9 - 11 - (-10 - (-9 + 1) - -3)).
-27
8 - (1 + (-2 - -1)) - (2 - (68 + -125))
-51
Evaluate (4 - -12) + (3 + 2 - 95).
-74
What is -78 + 1 + -5 + (49 - 31 - (10 + 0))?
-74
What is the value of (215 + -139 - 3) + 15 + -1?
87
What is the value of 0 + -45 - (6 + -7 + -12 - (-38 + 32))?
-38
What is the value of (-68 - 21 - -87) + (-1 - -8)?
5
-74 + 22 + (-13 - -17 - 26) + (16 - 3)
-61
Evaluate 3 + 2 + (93 - (28 + -11) - 10).
71
Evaluate 76 - (92 + 48 - 159).
95
What is the value of -33 + (-19 - (-25 - -12 - -5))?
-44
What is 37 - (6 - (-2 - -2))?
31
What is (83 + 1 + 5 - (13 + -9)) + 39 + -33?
91
What is the value of (-5 - 1) + (-67 - (54 + -57 + 13))?
-83
What is the value of (103 - -1) + (11238 - 11307)?
35
Evaluate 25 - (55 + -13 - 14) - (-2 + -6).
5
What is the value of -30 - (7 - (81 + -44))?
0
What is the value of 17 + -41 + 13 + 37 + 2 + 13?
41
What is -7 + (-6 + 15 - 6) + (-2 + 4 - 9)?
-11
What is 10 + (27 - 2) + (-840 - -818)?
13
What is the value of 37 + (-7 + -3 - -9 - 0) + 13?
49
Calculate -13 + (11 - 2 - 29) + 28 - -131.
126
Calculate -814 + 915 + (-32 - 8).
61
What is the value of 21 + -46 + 11 + -1 + 75?
60
Calculate (0 - -21) + 5 - (-1202 + 1169).
59
2 + (-246 - -142 - -108) + -17 + 0
-11
-88 + (-24 - -91) - -126
105
What is (115 - 18 - 97) + -31?
-31
What is (-2 - -1 - 24) + (255 - (-294 + 573))?
-49
Calculate (7 - ((-26 - -16) + (2 - -11)) - 55) + -11.
-62
(9 - 10) + ((-23 - -8 - -8) + 29 - -2)
23
16 - (-67 + 51 - (9 - (6 - (1 - -2))))
38
17 - (-16 + 4 + 3 + -7)
33
What is -82 - (105 + 8 + -325)?
130
Evaluate 89 - (-92 + 109) - 33.
39
What is 11 + -15 + 2 + (139 - 154)?
-17
Evaluate 25 + (60 - 32 - 43) - (-115 - 0).
125
What is -16 + -8 + 2 + 14 + 26?
18
What is -63 + 78 + -46 + 44?
13
Evaluate 48 + 0 - (42 + (-35 - -17) + -36).
60
-39 - (31 + (46 - 31 - 149))
64
-194 + 162 + (-16 - (-8 + 16))
-56
Evaluate 66 + -72 + 106 + -84.
16
2 + -1 - -54 - (20 - 17)
52
(-32 - -9 - -11) + 2 - -6 - 11
-15
What is (73 - 119 - (-4 - -12)) + -9 + 10?
-53
Calculate (84 - (80 - 27)) + -53.
-22
What is -1 + 8 + (13 - 0) + -13 - -14?
21
Calculate (0 - (0 - -19)) + (262 - 236) + -15.
-8
Evaluate 49 - (28 + 19) - -20.
22
46 - 4 - (-23 + 27)
38
What is the value of 10 + (-3 + 13 + 1 - 62)?
-41
Evaluate 6 - (67 - -1 - 4) - (-45 + 41).
-54
22 - (-96 + 22 + 7)
89
Calculate -2 + -15 + 4 - (7 - 10 - (47 - 53)).
-16
Calculate (1 - 0 - (1 - (8 + -24 + 7))) + 6.
-3
Evaluate 3 + (68 + (54 - 110) - (96 + 1 + -2)).
-80
Evaluate -9 + -6 + 28 + -4 + 3 + (6 - 6).
12
What is the value of 43 + (-6 - -38) - 27?
48
What is -1 + 1 + -26 + 65 + (-132 - -74)?
-19
What is -2 - -74 - (-2701 + 2732)?
41
What is the value of 2 + 0 + 1 + -2 - (2790 + -2791)?
2
Evaluate 10 - ((32 - (36 - 5)) + -12).
21
Calculate -65 + (-62 - -166) + (0 + 0 - -4).
43
Calculate -69 - 29 - (19 - (-15 + 61)).
-71
What is the value of 8 + (19 - 24 - -63) + -15?
51
4 + (-17 - -16) + -32 + -4
-33
(18 + -6 - 42 - -11) + 37
18
Evaluate (15 - (-12 - 7)) + (-18 - -16).
32
What is (30 - (-24 + -2 + 57)) + -32?
-33
Calculate (-19 - (-55 - -23)) + -12 + 52.
53
What is 20 + (-19 - -5) + (-5 - (-2 - -2)) + -52?
-51
What is the value of (-7 - -7) + -26 - -42?
16
Evaluate 204 - ((53 - 169) + 250).
70
What is 2 + 8 + -1575 + 1515?
-50
(-21 - 28 - 70) + 55
-64
What is the value of -6 + (-1 + -8 - (62 - 129)) + -13?
39
Calculate 90 + -109 - (9 + -1) - (0 - -14).
-41
What is 4 + (-3 + 10 - 11 - ((-3 - -2) + 3))?
-2
What is 40 - (49 - -21) - -35?
5
What is the value of -5 + -2 - (0 - 11) - (-9 - -14)?
-1
-168 - -173 - ((11 - 21) + -60)
75
731 + -825 + (28 + -4 - -3)
-67
What is (-43 - (19 - 26)) + 15?
-21
Calculate -30 + (70 - 198) - -65.
-93
38 - 19 - (3 + -3 - 5)
24
What is the value of -5 - -2 - (97 - 18) - (-519 + 532)?
-95
What is the value of (95 - 3) + (-721 - -656)?
27
What is 13 + (19 - 32) + 12 + (7 - -8)?
27
What is the value of 31 - (-4 + 18 - 7) - (31 + -12 + -16)?
21
Calculate 110 + -33 + -6 + -17.
54
Evaluate 65 + 3 + 1 + (-22 - (27 - 42)).
62
What is 20 + (51 - 21) + 3?
53
Calculate 5 - (-12 + 7 - 2) - (-23 + 1).
34
Calculate (-57 - -46) + (58 - -57).
104
-62 + (53 + -118 - -64)
-63
What is the value of 3 - ((7 - -86) + (-22 - 0))?
-68
Calculate -24 - (-85 + (7 - -23)).
31
Evaluate -12 + 1 + (-3 + 12 - (-220 - -219)).
-1
Calculate (16 - 2) + -80 + 58 + 64 + 14.
70
What is -504 + 550 + 1 + -2 + -16?
29
Evaluate 39 + (-39 - (-41 + 21)).
20
What is 0 + (-2 - -1 - -3) - (4 - 14)?
12
What is the value of -1 + 1 - 18 - (-9760 - -9787)?
-45
-70 + 52 + -16 + -31
-65
What is the value of -2 + (5 - -84) + (-50 - -19)?
56
(-24 - (-11 - -14)) + 365 + -262
76
Evaluate 26 - (0 - (2 - (-8 + 19))).
17
Calculate -148 + 74 - (-57 - 3).
-14
Evaluate 199 + (18 + -87 - 44).
86
Calculate 8 + 0 + -2 - (0 - -11 - (-2025 + 2068)).
38
What is 28 + -26 + -6 - -4 - 27?
-27
Calculate (-6 - -6) + 35 - (-3 - 0 - -9).
29
What is the value of (-115 - (-57 - -39)) + 56?
-41
Evaluate -1 + -25 - (90 + -31 + -145).
60
Evaluate (489 - 498) + (36 - 0).
27
What is 37 + 14 + 5 + -35 - (11 - (-1 - -2))?
11
What is the value of -8824 + 8879 - ((20 - 0) + -3 - 2)?
40
What is -2 - (-14 + 3 + 12 + 4 - 13)?
6
(-17 - (5 + 2)) + 209 + -244
-59
What is the value of -38 - 0 - (-94 - -69 - -19)?
-32
What is the value of -1 + -1 + 8 + (16 - 20 - -9 - -13)?
24
What is -42 + (51 - 3) - (-9 + 1) - (123 - 6)?
-103
What is 17 - (12 + (4 - -8)) - (19 - 3)?
-23
(21 - (59 + -45)) + -6 + (3 - 117)
-113
What is the value of 8 + -13 + 0 + 0 - (100 - 97)?
-8
(3 - 8) + 11 + (15 - 28) - -47
40
Evaluate 20 + -4 + (54 - (13 + -14)).
71
What is the value of -52 - (131 + (-50 - 24))?
-109
Calculate 54 + (42 - 42) - 96.
-42
Evaluate (-11 - (17 + 30)) + 47.
-11
(62 - -1) + 1279 + -1386 + (11 - (0 - 1))
-32
Calculate -7 - (6 - (-2 + 18 + -3 - 14)).
-14
Evaluate (-1 + 1 - 2) + 4 + 10 + 26871 + -26922.
-39
What is the value of -2 + (-12 + 2 - (-110 + 88)) - -1?
11
What is the value of 12 - (2 - (-48 - 1) - (-24 + 25 + 0))?
-38
What is the value of 110 + -77 + 46 - (5 - -19)?
55
Evaluate 15 + -9 + -2 + -5 + -12 - -1.
-12
What is the value of 89 + (-70 - (72 - 109))?
56
Calculate 38 + -48 - (5 + -13 + 2 + 3).
-7
What is the value of 152 - 194 - (100 + -72)?
-70
Evaluate 2 + 98 - 1 - (28 + -4 - (31 + -13)).
93
What is 12 - (-18 - 11) - (2 - 5) - (3 + 0)?
41
(63 - (67 + 2)) + (0 - 0) - -17
11
Calculate 12 - ((-18 + 9 - -11) + 0 + -6).
16
Evaluate 40 + -16 + -42 + -47.
-65
-3 + (22 - 49) - (-31 + 22 - 15)
-6
What is 26 + -46 + -36 + 34 - -22?
0
What is (401 - 440) + 2 + 10?
-27
What is (15 - 5) + -6 - 15?
-11
What is 82 - ((18 - -2) + 29 + -28)?
61
Calculate 401 - 416 - (-8 + 8 - 115).
100
(-24 - -26) + 29 + 7 + -33
5
Calculate (-1 - -1 - 73) + (-26 + (48 - 72) - -55).
-68
Evaluate (-6 - -17) + -21 + 0 + (1247 - 1224).
13
What is the value of (20 - (-7 - (7 + -55))) + -11?
-32
What is (20 - 0) + -42 + (141 - 1